t is -621 (base 10) in base 13?
-38a
878 (base 11) to base 15
4a3
-112452 (base 7) to base 15
-5e6c
What is -28109 (base 10) in base 15?
-84de
What is 896 (base 12) in base 8?
2362
What is 4158 (base 14) in base 8?
25762
What is -2388 (base 11) in base 4?
-300301
Convert -1232 (base 4) to base 15.
-75
-83623 (base 9) to base 7
-316611
-100012021 (base 3) to base 8
-15057
Convert -63964 (base 10) to base 6.
-1212044
Convert -63460 (base 8) to base 10.
-26416
116 (base 16) to base 5
2103
What is 21023211 (base 4) in base 5?
2200410
Convert 47b (base 14) to base 5.
12033
-27070 (base 8) to base 16
-2e38
What is 5e8b (base 16) in base 10?
24203
What is 10100000 (base 2) in base 12?
114
Convert -176 (base 15) to base 10.
-336
13013130 (base 4) to base 3
1110222120
Convert -d93 (base 14) to base 5.
-41202
Convert 20033 (base 6) to base 16.
a35
What is 2d28 (base 15) in base 2?
10010111110001
Convert 34e (base 15) to base 16.
2ed
1168 (base 10) to base 15
52d
-616 (base 13) to base 4
-100021
What is 10101011010101 (base 2) in base 13?
4cb6
Convert -113 (base 10) to base 3.
-11012
What is -236 (base 16) in base 3?
-202222
2253 (base 15) to base 7
30135
-2683 (base 9) to base 2
-11111100011
1033 (base 9) to base 16
2f7
-2365 (base 8) to base 2
-10011110101
-2485a (base 12) to base 8
-140706
Convert -de0d (base 16) to base 2.
-1101111000001101
Convert -160114 (base 7) to base 3.
-1120220021
What is -332 (base 16) in base 2?
-1100110010
343 (base 11) to base 16
19a
20000 (base 3) to base 7
321
Convert 430 (base 15) to base 16.
3b1
What is -1341 (base 7) in base 4?
-20013
-22000 (base 9) to base 14
-5456
Convert -56013 (base 7) to base 6.
-145053
-9557 (base 15) to base 12
-1633a
-784 (base 13) to base 11
-a74
What is -203020 (base 4) in base 3?
-10002021
-10501 (base 6) to base 8
-2705
What is 155301 (base 6) in base 11?
10671
20115 (base 6) to base 9
3552
What is -120644 (base 7) in base 5?
-1200220
-10112212 (base 4) to base 12
-a39a
-1442 (base 6) to base 2
-110000010
What is -1ed9 (base 15) in base 13?
-30a8
2a965 (base 12) to base 11
4119a
-1011202 (base 3) to base 16
-359
100000011101 (base 2) to base 15
937
92 (base 13) to base 3
11102
Convert -100111 (base 3) to base 6.
-1104
What is 201 (base 11) in base 13?
159
Convert 1025 (base 6) to base 10.
233
-4867 (base 16) to base 9
-27374
-101001120 (base 3) to base 4
-1302210
-1280 (base 10) to base 15
-5a5
Convert 43011 (base 5) to base 10.
2881
Convert -4b1 (base 12) to base 13.
-427
11010110010010 (base 2) to base 4
3112102
What is 4d21 (base 14) in base 3?
200120222
What is -110121000 (base 3) in base 16?
-23dc
Convert -1122 (base 12) to base 15.
-868
120333 (base 5) to base 4
1011310
What is -66375 (base 8) in base 5?
-1343101
What is 2014 (base 14) in base 15?
1971
What is 1002210 (base 3) in base 4?
30210
-49384 (base 11) to base 15
-16083
What is -199 (base 14) in base 9?
-407
What is -20506 (base 12) in base 2?
-1010010011010110
37a (base 11) to base 4
13002
What is -101001111111 (base 2) in base 9?
-3615
What is 101110101 (base 2) in base 8?
565
What is 332330 (base 4) in base 7?
14513
5d5 (base 15) to base 13
7ac
What is -10000 (base 5) in base 7?
-1552
-10a64 (base 11) to base 15
-4ab6
What is -101101010010 (base 2) in base 6?
-21230
Convert -50b2 (base 15) to base 7.
-100454
3024 (base 6) to base 4
22120
Convert -4456 (base 7) to base 9.
-2177
Convert -10a3a (base 12) to base 13.
-a165
Convert 406d (base 14) to base 9.
16163
What is -210101 (base 4) in base 16?
-911
What is -210121202 (base 3) in base 9?
-23552
What is -111011110110101 (base 2) in base 10?
-30645
Convert -253311 (base 6) to base 4.
-11210023
Convert 46502 (base 8) to base 13.
9005
Convert -13948 (base 15) to base 5.
-4002333
What is b0b (base 13) in base 11?
1450
What is -d2b (base 14) in base 9?
-3484
Convert -c52d (base 14) to base 2.
-1000010010011101
Convert -5a2 (base 14) to base 13.
-684
What is -7275 (base 8) in base 10?
-3773
What is 6076 (base 12) in base 10?
10458
-2426 (base 14) to base 9
-8576
Convert -11a31 (base 14) to base 5.
-2340123
What is -22813 (base 9) in base 14?
-57a8
Convert -1345 (base 12) to base 15.
-9c8
Convert 2194 (base 10) to base 15.
9b4
What is -1561 (base 8) in base 9?
-1178
-d5b (base 14) to base 10
-2629
6633 (base 11) to base 16
222c
Convert -3202 (base 4) to base 11.
-196
-352553 (base 7) to base 15
-13bb5
Convert -c26 (base 16) to base 8.
-6046
What is -4 (base 10) in base 2?
-100
Convert -2776 (base 10) to base 7.
-11044
Convert -2563 (base 7) to base 3.
-1100011
What is 1101100101110011 (base 2) in base 10?
55667
Convert 56458 (base 9) to base 6.
445512
Convert -11003 (base 8) to base 13.
-2139
Convert 1011112122 (base 3) to base 7.
124016
-11102 (base 4) to base 8
-522
Convert -56d (base 14) to base 16.
-435
-100211 (base 3) to base 13
-175
What is 1b619 (base 13) in base 8?
151004
What is 314 (base 8) in base 5?
1304
Convert -202403 (base 6) to base 16.
-3f03
-3031244 (base 5) to base 2
-1011111100110101
Convert -14824 (base 9) to base 13.
-4807
2bd9 (base 15) to base 5
300204
-21819 (base 11) to base 6
-402145
Convert 4b9 (base 12) to base 5.
10332
Convert -1530 (base 6) to base 4.
-12132
Convert -a0 (base 14) to base 3.
-12012
-1613 (base 11) to base 13
-c34
What is -54 (base 12) in base 9?
-71
Convert -140 (base 7) to base 14.
-57
1010101010000 (base 2) to base 7
21623
-410025 (base 6) to base 5
-2014132
312 (base 8) to base 3
21111
What is 11110110101100 (base 2) in base 14?
5a7a
Convert -194 (base 12) to base 9.
-314
2220211 (base 5) to base 12
1a55a
What is -7524 (base 9) in base 12?
-324a
-566 (base 7) to base 6
-1205
Convert 24553 (base 7) to base 16.
1939
What is 18880 (base 10) in base 9?
27807
What is 958 (base 10) in base 2?
1110111110
-22203 (base 7) to base 14
-2073
-11123 (base 6) to base 3
-2010220
What is -36427 (base 9) in base 4?
-11331112
Convert 15036 (base 11) to base 5.
1140320
-36eb (base 16) to base 5
-422214
Convert 1d5c (base 15) to base 8.
14363
-1001000100000100 (base 2) to base 7
-213143
-11673 (base 9) to base 16
-1ea2
Convert 54a (base 14) to base 4.
100112
1000101101 (base 2) to base 5
4212
What is -11639 (base 12) in base 2?
-101101101001101
Convert 820d (base 15) to base 5.
1334323
Convert 1426 (base 8) to base 12.
55a
What is 5432 (base 11) in base 5?
212144
1255 (base 7) to base 13
2b0
Convert 14b88 (base 12) to base 16.
7298
2212000 (base 3) to base 15
939
Convert -14e14 (base 15) to base 7.
-400123
Convert -1000001001000 (base 2) to base 5.
-113133
What is -2cd (base 14) in base 8?
-1075
25a (base 15) to base 11
447
Convert -55b (base 14) to base 13.
-638
Convert 10270 (base 9) to base 5.
204121
Convert -679 (base 11) to base 6.
-3432
Convert 734 (base 11) to base 9.
1182
Convert 49a3 (base 12) to base 3.
102102120
10020222 (base 3) to base 13
1109
What is -13530 (base 6) in base 11?
-1678
Convert 3364 (base 7) to base 6.
5354
-6973 (base 10) to base 6
-52141
10144 (base 5) to base 9
828
-730 (base 8) to base 11
-39a
What is -1102210102 (base 3) in base 4?
-12321320
Convert -336 (base 7) to base 6.
-450
What is 101101010 (base 2) in base 15?
192
Convert 2a3a2 (base 12) to base 5.
3344211
What is 4aa9 (base 15) in base 14?
5b25
What is -536 (base 9) in base 11?
-369
What is 226004 (base 7) in base 16?
9e1e
Convert 4158 (base 13) to base 9.
13343
101101 (base 4) to base 15
4da
Convert 29165 (base 11) to base 7.
231566
What is 2571 (base 12) in base 11?
3224
12403 (base 8) to base 6
40523
Convert -22d1 (base 16) to base 14.
-3369
Convert -24 (base 16) to base 15.
-26
40210 (base 6) to base 3
21012220
-169 (base 14) to base 5
-2124
Convert 602 (base 12) to base 11.
718
-1254 (base 8) to base 5
-10214
110220120 (base 3) to base 12
5543
Convert -103032 (base 4) to base 2.
-10011001110
-483 (base 13) to base 2
-1100001111
-19b3 (base 12) to base 2
-110001010111
What is -405 (base 15) in base 6?
-4105
Convert -4307 (base 8) to base 12.
-1373
Convert 11001101011 (base 2) to base 16.
66b
What is 1301 (base 11) in base 9?
2283
What is 611 (base 16) in base 14?
7cd
What is eba (base 15) in base 11?
2553
7777 (base 9) to base 2
1011001101100
What is 3b9 (base 12) in base 11?
481
Convert -201102201 (base 3) to base 8.
-33527
-1110020 (base 3) to base